{"id":130,"date":"2020-01-08T21:53:57","date_gmt":"2020-01-08T21:53:57","guid":{"rendered":"https:\/\/nbk.nu\/wordpress\/?page_id=130"},"modified":"2023-02-27T19:45:02","modified_gmt":"2023-02-27T19:45:02","slug":"besok-oss","status":"publish","type":"page","link":"https:\/\/nbk.nu\/index.php\/besok-oss\/","title":{"rendered":"Bes\u00f6k oss"},"content":{"rendered":"\n<p><strong>Information till g\u00e4ster med b\u00e5t<\/strong><\/p>\n\n\n\n<p>Det finns tv\u00e5 platser vid kaj mot klubbstuga, hamndjup 2m. Vidare finns g\u00e4stplats p\u00e5 respektive bryggnock med st\u00f6rre djup. El och vatten finns p\u00e5 kaj och resp. brygga.<\/p>\n\n\n\n<p>M\u00f6jlighet till sugt\u00f6mning finns.<\/p>\n\n\n\n<p><strong>Information till g\u00e4ster med husbil<\/strong><\/p>\n\n\n\n<p>St\u00e4llplatser finns enligt ritning. El och vatten finns ute p\u00e5 hamnplanen och vid mastkransbryggan.\u00a0<\/p>\n\n\n\n<figure class=\"wp-block-image size-full\"><img decoding=\"async\" loading=\"lazy\" width=\"416\" height=\"492\" src=\"https:\/\/nbk.nu\/wp-content\/uploads\/2022\/04\/unnamed.png\" alt=\"\" class=\"wp-image-305\" srcset=\"https:\/\/nbk.nu\/wp-content\/uploads\/2022\/04\/unnamed.png 416w, https:\/\/nbk.nu\/wp-content\/uploads\/2022\/04\/unnamed-254x300.png 254w\" sizes=\"(max-width: 416px) 100vw, 416px\" \/><\/figure>\n","protected":false},"excerpt":{"rendered":"<p>Information till g\u00e4ster med b\u00e5t Det finns tv\u00e5 platser vid kaj mot klubbstuga, hamndjup 2m. Vidare finns g\u00e4stplats p\u00e5 respektive&hellip;<\/p>\n","protected":false},"author":1,"featured_media":0,"parent":0,"menu_order":0,"comment_status":"closed","ping_status":"closed","template":"","meta":{"_exactmetrics_skip_tracking":false,"_exactmetrics_sitenote_active":false,"_exactmetrics_sitenote_note":"","_exactmetrics_sitenote_category":0},"_links":{"self":[{"href":"https:\/\/nbk.nu\/index.php\/wp-json\/wp\/v2\/pages\/130"}],"collection":[{"href":"https:\/\/nbk.nu\/index.php\/wp-json\/wp\/v2\/pages"}],"about":[{"href":"https:\/\/nbk.nu\/index.php\/wp-json\/wp\/v2\/types\/page"}],"author":[{"embeddable":true,"href":"https:\/\/nbk.nu\/index.php\/wp-json\/wp\/v2\/users\/1"}],"replies":[{"embeddable":true,"href":"https:\/\/nbk.nu\/index.php\/wp-json\/wp\/v2\/comments?post=130"}],"version-history":[{"count":2,"href":"https:\/\/nbk.nu\/index.php\/wp-json\/wp\/v2\/pages\/130\/revisions"}],"predecessor-version":[{"id":369,"href":"https:\/\/nbk.nu\/index.php\/wp-json\/wp\/v2\/pages\/130\/revisions\/369"}],"wp:attachment":[{"href":"https:\/\/nbk.nu\/index.php\/wp-json\/wp\/v2\/media?parent=130"}],"curies":[{"name":"wp","href":"https:\/\/api.w.org\/{rel}","templated":true}]}}