{"id":7,"date":"2020-01-06T20:33:28","date_gmt":"2020-01-06T20:33:28","guid":{"rendered":"https:\/\/nbk.nu\/wordpress\/?page_id=7"},"modified":"2025-03-26T18:15:01","modified_gmt":"2025-03-26T18:15:01","slug":"om","status":"publish","type":"page","link":"https:\/\/nbk.nu\/index.php\/om\/","title":{"rendered":"Information"},"content":{"rendered":"\n<p>Detta \u00e4r Njut\u00e5ngers b\u00e5tklubbs hemsida. <\/p>\n\n\n\n<p>F\u00f6r att bli <a href=\"https:\/\/nbk.nu\/index.php\/ansok-om-medlemskap\/\">medlem<\/a> eller ans\u00f6ka om en <a href=\"https:\/\/nbk.nu\/index.php\/ansok-om-batplats\/\">b\u00e5tplats<\/a> anv\u00e4nd d\u00e5 menyvalen och fyll i formul\u00e4ret s\u00e5 kommer vi att kontakta er. <br>En ans\u00f6kan om b\u00e5tplats inneb\u00e4r ocks\u00e5 en ans\u00f6kan om medlemskap.<\/p>\n\n\n\n<p><strong>Priser<\/strong><\/p>\n\n\n\n<p>Medlem : 350:- \/ \u00e5r<\/p>\n\n\n\n<figure class=\"wp-block-image size-full\"><img decoding=\"async\" loading=\"lazy\" width=\"416\" height=\"492\" src=\"https:\/\/nbk.nu\/wp-content\/uploads\/2022\/04\/unnamed.png\" alt=\"\" class=\"wp-image-305\" srcset=\"https:\/\/nbk.nu\/wp-content\/uploads\/2022\/04\/unnamed.png 416w, https:\/\/nbk.nu\/wp-content\/uploads\/2022\/04\/unnamed-254x300.png 254w\" sizes=\"(max-width: 416px) 100vw, 416px\" \/><\/figure>\n\n\n\n<figure><iframe loading=\"lazy\" src=\"https:\/\/www.google.com\/maps\/embed?pb=!1m18!1m12!1m3!1d1897.2135789937545!2d17.061993516226163!3d61.607192733369125!2m3!1f0!2f0!3f0!3m2!1i1024!2i768!4f13.1!3m3!1m2!1s0x4666a562a1634c9f%3A0xe08a307ed9ffb589!2zQsOldHBsYXRz!5e0!3m2!1sen!2sse!4v1578343401557!5m2!1sen!2sse\" width=\"600\" height=\"450\" frameborder=\"0\" style=\"border:0;\" allowfullscreen=\"\"><\/p><\/iframe><\/figure>\n","protected":false},"excerpt":{"rendered":"<p>Detta \u00e4r Njut\u00e5ngers b\u00e5tklubbs hemsida. F\u00f6r att bli medlem eller ans\u00f6ka om en b\u00e5tplats anv\u00e4nd d\u00e5 menyvalen och fyll i&hellip;<\/p>\n","protected":false},"author":1,"featured_media":0,"parent":0,"menu_order":0,"comment_status":"closed","ping_status":"closed","template":"","meta":{"_exactmetrics_skip_tracking":false,"_exactmetrics_sitenote_active":false,"_exactmetrics_sitenote_note":"","_exactmetrics_sitenote_category":0},"_links":{"self":[{"href":"https:\/\/nbk.nu\/index.php\/wp-json\/wp\/v2\/pages\/7"}],"collection":[{"href":"https:\/\/nbk.nu\/index.php\/wp-json\/wp\/v2\/pages"}],"about":[{"href":"https:\/\/nbk.nu\/index.php\/wp-json\/wp\/v2\/types\/page"}],"author":[{"embeddable":true,"href":"https:\/\/nbk.nu\/index.php\/wp-json\/wp\/v2\/users\/1"}],"replies":[{"embeddable":true,"href":"https:\/\/nbk.nu\/index.php\/wp-json\/wp\/v2\/comments?post=7"}],"version-history":[{"count":20,"href":"https:\/\/nbk.nu\/index.php\/wp-json\/wp\/v2\/pages\/7\/revisions"}],"predecessor-version":[{"id":542,"href":"https:\/\/nbk.nu\/index.php\/wp-json\/wp\/v2\/pages\/7\/revisions\/542"}],"wp:attachment":[{"href":"https:\/\/nbk.nu\/index.php\/wp-json\/wp\/v2\/media?parent=7"}],"curies":[{"name":"wp","href":"https:\/\/api.w.org\/{rel}","templated":true}]}}